{"id":116,"date":"2023-07-20T22:53:37","date_gmt":"2023-07-20T22:53:37","guid":{"rendered":"https:\/\/ving.com.mx\/?page_id=116"},"modified":"2023-08-09T15:50:55","modified_gmt":"2023-08-09T15:50:55","slug":"productos-y-servicios","status":"publish","type":"page","link":"https:\/\/ving.com.mx\/index.php\/productos-y-servicios\/","title":{"rendered":"PRODUCTOS Y SERVICIOS"},"content":{"rendered":"<div role=\"form\" class=\"wpcf7\" id=\"wpcf7-f422-p422-o1\" lang=\"es-MX\" dir=\"ltr\"><div><div class=\"wpcf7-form\"><div class=\"fit-the-fullspace\"><div><div class=\"screen-reader-response\"><p role=\"status\" aria-live=\"polite\" aria-atomic=\"true\"><\/p> <ul><\/ul><\/div><form action=\"\/index.php\/wp-json\/wp\/v2\/pages\/116#wpcf7-f422-p422-o1\" method=\"post\" class=\"wpcf7-form init\" enctype=\"\" autocomplete=\"autocomplete\" novalidate=\"novalidate\" data-status=\"init\" locale=\"es_MX\"><div style=\"display: block;\"><input type=\"hidden\" name=\"_wpcf7\" value=\"422\" \/>\n<input type=\"hidden\" name=\"_wpcf7_version\" value=\"5.8\" \/>\n<input type=\"hidden\" name=\"_wpcf7_locale\" value=\"es_MX\" \/>\n<input type=\"hidden\" name=\"_wpcf7_unit_tag\" value=\"wpcf7-f422-p422-o1\" \/>\n<input type=\"hidden\" name=\"_wpcf7_posted_data_hash\" value=\"\" \/>\n<input type=\"hidden\" name=\"_wpcf7_fit-the-fullspace\" value=\"\" \/>\n<\/div><p><label> Tu nombre<br \/>\n<span class=\"wpcf7-form-control-wrap\" data-name=\"your-name\"><input size=\"40\" class=\"wpcf7-form-control wpcf7-text wpcf7-validates-as-required\" autocomplete=\"name\" aria-required=\"true\" aria-invalid=\"false\" value=\"\" type=\"text\" name=\"your-name\" \/><\/span> <\/label>\n<\/p>\n<p><label> Tu correo electr\u00f3nico<br \/>\n<span class=\"wpcf7-form-control-wrap\" data-name=\"your-email\"><input size=\"40\" class=\"wpcf7-form-control wpcf7-email wpcf7-validates-as-required wpcf7-text wpcf7-validates-as-email\" autocomplete=\"email\" aria-required=\"true\" aria-invalid=\"false\" value=\"\" type=\"email\" name=\"your-email\" \/><\/span> <\/label>\n<\/p>\n<p><label> Asunto<br \/>\n<span class=\"wpcf7-form-control-wrap\" data-name=\"your-subject\"><input size=\"40\" class=\"wpcf7-form-control wpcf7-text wpcf7-validates-as-required\" aria-required=\"true\" aria-invalid=\"false\" value=\"\" type=\"text\" name=\"your-subject\" \/><\/span> <\/label>\n<\/p>\n<p><label> Tu mensaje (opcional)<br \/>\n<span class=\"wpcf7-form-control-wrap\" data-name=\"your-message\"><textarea cols=\"40\" rows=\"10\" class=\"wpcf7-form-control wpcf7-textarea\" aria-invalid=\"false\" name=\"your-message\"><\/textarea><\/span> <\/label>\n<\/p>\n<p><input class=\"wpcf7-form-control wpcf7-submit has-spinner\" type=\"submit\" value=\"Enviar\" \/>\n<\/p><div class=\"wpcf7-response-output\" aria-hidden=\"true\"><\/div><\/form><\/div><\/div><\/div><\/div><\/div>\n<p class=\"has-text-align-right\"><strong><mark style=\"background-color:rgba(0, 0, 0, 0)\" class=\"has-inline-color has-black-color\">OFRECEMOS SOLUCIONES DE CONTROL INDUSTRIAL DE ACUERDO A SUS NECESIDADES DE NEGOCIO.<\/mark><\/strong><\/p>\n\n\n\n<div class=\"wp-block-columns is-layout-flex wp-container-4\">\n<div class=\"wp-block-column is-layout-flow\">\n<figure class=\"wp-block-image size-full\"><img decoding=\"async\" loading=\"lazy\" width=\"602\" height=\"517\" src=\"https:\/\/ving.com.mx\/wp-content\/uploads\/2023\/07\/t6-2.webp\" alt=\"\" class=\"wp-image-225\" srcset=\"https:\/\/ving.com.mx\/wp-content\/uploads\/2023\/07\/t6-2.webp 602w, https:\/\/ving.com.mx\/wp-content\/uploads\/2023\/07\/t6-2-300x258.webp 300w, https:\/\/ving.com.mx\/wp-content\/uploads\/2023\/07\/t6-2-600x515.webp 600w\" sizes=\"(max-width: 602px) 100vw, 602px\" \/><\/figure>\n\n\n\n<p class=\"has-text-align-center\"><strong>C\u00e1maras de visi\u00f3n<\/strong><\/p>\n<\/div>\n\n\n\n<div class=\"wp-block-column is-layout-flow\">\n<figure class=\"wp-block-image size-full is-resized\"><img decoding=\"async\" loading=\"lazy\" src=\"https:\/\/ving.com.mx\/wp-content\/uploads\/2023\/07\/article-2020april-basic-understanding-fig1-1.jpg\" alt=\"\" class=\"wp-image-213\" width=\"256\" height=\"192\" srcset=\"https:\/\/ving.com.mx\/wp-content\/uploads\/2023\/07\/article-2020april-basic-understanding-fig1-1.jpg 600w, https:\/\/ving.com.mx\/wp-content\/uploads\/2023\/07\/article-2020april-basic-understanding-fig1-1-300x225.jpg 300w\" sizes=\"(max-width: 256px) 100vw, 256px\" \/><\/figure>\n\n\n\n<p class=\"has-text-align-center\"><strong><mark style=\"background-color:rgba(0, 0, 0, 0)\" class=\"has-inline-color has-black-color\">Guardas de seguridad<\/mark><\/strong><\/p>\n<\/div>\n\n\n\n<div class=\"wp-block-column is-layout-flow\">\n<figure class=\"wp-block-image size-full is-resized\"><img decoding=\"async\" loading=\"lazy\" src=\"https:\/\/ving.com.mx\/wp-content\/uploads\/2023\/07\/brazo-robot-de-soldadura-corte-industrial-automatico-de-6-ejes-138-120930360-1.webp\" alt=\"\" class=\"wp-image-215\" width=\"256\" height=\"256\" srcset=\"https:\/\/ving.com.mx\/wp-content\/uploads\/2023\/07\/brazo-robot-de-soldadura-corte-industrial-automatico-de-6-ejes-138-120930360-1.webp 1000w, https:\/\/ving.com.mx\/wp-content\/uploads\/2023\/07\/brazo-robot-de-soldadura-corte-industrial-automatico-de-6-ejes-138-120930360-1-300x300.webp 300w, https:\/\/ving.com.mx\/wp-content\/uploads\/2023\/07\/brazo-robot-de-soldadura-corte-industrial-automatico-de-6-ejes-138-120930360-1-150x150.webp 150w, https:\/\/ving.com.mx\/wp-content\/uploads\/2023\/07\/brazo-robot-de-soldadura-corte-industrial-automatico-de-6-ejes-138-120930360-1-768x768.webp 768w, https:\/\/ving.com.mx\/wp-content\/uploads\/2023\/07\/brazo-robot-de-soldadura-corte-industrial-automatico-de-6-ejes-138-120930360-1-600x600.webp 600w, https:\/\/ving.com.mx\/wp-content\/uploads\/2023\/07\/brazo-robot-de-soldadura-corte-industrial-automatico-de-6-ejes-138-120930360-1-100x100.webp 100w\" sizes=\"(max-width: 256px) 100vw, 256px\" \/><\/figure>\n\n\n\n<p class=\"has-text-align-center\"><strong>Brazos rob\u00f3ticos<\/strong><\/p>\n<\/div>\n<\/div>\n\n\n\n<div class=\"wp-block-columns is-layout-flex wp-container-8\">\n<div class=\"wp-block-column is-layout-flow\">\n<figure class=\"wp-block-image size-large is-resized\"><img decoding=\"async\" loading=\"lazy\" src=\"https:\/\/ving.com.mx\/wp-content\/uploads\/2023\/07\/control-valves-and-regulators-manfuacturer-2-1024x1024.jpg\" alt=\"\" class=\"wp-image-216\" width=\"256\" height=\"256\" srcset=\"https:\/\/ving.com.mx\/wp-content\/uploads\/2023\/07\/control-valves-and-regulators-manfuacturer-2-1024x1024.jpg 1024w, https:\/\/ving.com.mx\/wp-content\/uploads\/2023\/07\/control-valves-and-regulators-manfuacturer-2-300x300.jpg 300w, https:\/\/ving.com.mx\/wp-content\/uploads\/2023\/07\/control-valves-and-regulators-manfuacturer-2-150x150.jpg 150w, https:\/\/ving.com.mx\/wp-content\/uploads\/2023\/07\/control-valves-and-regulators-manfuacturer-2-768x768.jpg 768w, https:\/\/ving.com.mx\/wp-content\/uploads\/2023\/07\/control-valves-and-regulators-manfuacturer-2-600x600.jpg 600w, https:\/\/ving.com.mx\/wp-content\/uploads\/2023\/07\/control-valves-and-regulators-manfuacturer-2-100x100.jpg 100w, https:\/\/ving.com.mx\/wp-content\/uploads\/2023\/07\/control-valves-and-regulators-manfuacturer-2.jpg 1068w\" sizes=\"(max-width: 256px) 100vw, 256px\" \/><\/figure>\n\n\n\n<p class=\"has-text-align-center\"><strong><mark style=\"background-color:rgba(0, 0, 0, 0)\" class=\"has-inline-color has-black-color\">V\u00e1lvulas de Control<\/mark><\/strong><\/p>\n<\/div>\n\n\n\n<div class=\"wp-block-column is-layout-flow\">\n<figure class=\"wp-block-image size-full is-resized\"><img decoding=\"async\" loading=\"lazy\" src=\"https:\/\/ving.com.mx\/wp-content\/uploads\/2023\/07\/Drivers-rockwell.jpg\" alt=\"\" class=\"wp-image-217\" width=\"259\" height=\"133\" srcset=\"https:\/\/ving.com.mx\/wp-content\/uploads\/2023\/07\/Drivers-rockwell.jpg 313w, https:\/\/ving.com.mx\/wp-content\/uploads\/2023\/07\/Drivers-rockwell-300x154.jpg 300w\" sizes=\"(max-width: 259px) 100vw, 259px\" \/><\/figure>\n\n\n\n<p class=\"has-text-align-center\"><strong><mark style=\"background-color:rgba(0, 0, 0, 0)\" class=\"has-inline-color has-black-color\">Variadores de Frecuencia para Motores<\/mark><\/strong><\/p>\n<\/div>\n\n\n\n<div class=\"wp-block-column is-layout-flow\">\n<figure class=\"wp-block-image size-full\"><img decoding=\"async\" loading=\"lazy\" width=\"400\" height=\"244\" src=\"https:\/\/ving.com.mx\/wp-content\/uploads\/2023\/07\/eb28519930c54357ccc74f171853378d_L-1.jpg\" alt=\"\" class=\"wp-image-218\" srcset=\"https:\/\/ving.com.mx\/wp-content\/uploads\/2023\/07\/eb28519930c54357ccc74f171853378d_L-1.jpg 400w, https:\/\/ving.com.mx\/wp-content\/uploads\/2023\/07\/eb28519930c54357ccc74f171853378d_L-1-300x183.jpg 300w\" sizes=\"(max-width: 400px) 100vw, 400px\" \/><\/figure>\n\n\n\n<p class=\"has-text-align-center\"><strong><mark style=\"background-color:rgba(0, 0, 0, 0)\" class=\"has-inline-color has-black-color\">Controladores PACs y PLCs<\/mark><\/strong><\/p>\n<\/div>\n<\/div>\n\n\n\n<div class=\"wp-block-columns is-layout-flex wp-container-11\">\n<div class=\"wp-block-column is-layout-flow\"><div class=\"wp-block-image\">\n<figure class=\"aligncenter size-large is-resized\"><img decoding=\"async\" loading=\"lazy\" src=\"https:\/\/ving.com.mx\/wp-content\/uploads\/2023\/07\/hms-rs-asociacion-distribucion-productos-iiot-portada-1-1024x512.png\" alt=\"\" class=\"wp-image-220\" width=\"256\" height=\"128\" srcset=\"https:\/\/ving.com.mx\/wp-content\/uploads\/2023\/07\/hms-rs-asociacion-distribucion-productos-iiot-portada-1-1024x512.png 1024w, https:\/\/ving.com.mx\/wp-content\/uploads\/2023\/07\/hms-rs-asociacion-distribucion-productos-iiot-portada-1-300x150.png 300w, https:\/\/ving.com.mx\/wp-content\/uploads\/2023\/07\/hms-rs-asociacion-distribucion-productos-iiot-portada-1-768x384.png 768w, https:\/\/ving.com.mx\/wp-content\/uploads\/2023\/07\/hms-rs-asociacion-distribucion-productos-iiot-portada-1-600x300.png 600w, https:\/\/ving.com.mx\/wp-content\/uploads\/2023\/07\/hms-rs-asociacion-distribucion-productos-iiot-portada-1.png 1200w\" sizes=\"(max-width: 256px) 100vw, 256px\" \/><\/figure><\/div>\n\n\n<p class=\"has-text-align-center\"><strong><mark style=\"background-color:rgba(0, 0, 0, 0)\" class=\"has-inline-color has-black-color\">Workstations, Servidores y Routers Industriales<\/mark><\/strong><\/p>\n<\/div>\n\n\n\n<div class=\"wp-block-column is-layout-flow\"><div class=\"wp-block-image\">\n<figure class=\"aligncenter size-full\"><img decoding=\"async\" loading=\"lazy\" width=\"760\" height=\"457\" src=\"https:\/\/ving.com.mx\/wp-content\/uploads\/2023\/07\/fichero_8550_20211212-1.jpg\" alt=\"\" class=\"wp-image-222\" srcset=\"https:\/\/ving.com.mx\/wp-content\/uploads\/2023\/07\/fichero_8550_20211212-1.jpg 760w, https:\/\/ving.com.mx\/wp-content\/uploads\/2023\/07\/fichero_8550_20211212-1-300x180.jpg 300w, https:\/\/ving.com.mx\/wp-content\/uploads\/2023\/07\/fichero_8550_20211212-1-600x361.jpg 600w\" sizes=\"(max-width: 760px) 100vw, 760px\" \/><\/figure><\/div>\n\n\n<p class=\"has-text-align-center\"><strong>Transmisores y Sensores<\/strong><\/p>\n<\/div>\n<\/div>\n\n\n\n<div class=\"wp-block-columns is-layout-flex wp-container-14\">\n<div class=\"wp-block-column is-layout-flow\"><div class=\"wp-block-image\">\n<figure class=\"aligncenter size-full\"><img decoding=\"async\" loading=\"lazy\" width=\"225\" height=\"225\" src=\"https:\/\/ving.com.mx\/wp-content\/uploads\/2023\/07\/Servodrive-1.jpg\" alt=\"\" class=\"wp-image-223\" srcset=\"https:\/\/ving.com.mx\/wp-content\/uploads\/2023\/07\/Servodrive-1.jpg 225w, https:\/\/ving.com.mx\/wp-content\/uploads\/2023\/07\/Servodrive-1-150x150.jpg 150w, https:\/\/ving.com.mx\/wp-content\/uploads\/2023\/07\/Servodrive-1-100x100.jpg 100w\" sizes=\"(max-width: 225px) 100vw, 225px\" \/><\/figure><\/div>\n\n\n<p class=\"has-text-align-center\"><strong><mark style=\"background-color:rgba(0, 0, 0, 0)\" class=\"has-inline-color has-black-color\">Servodrives para Servomecanismos<\/mark><\/strong><\/p>\n<\/div>\n\n\n\n<div class=\"wp-block-column is-layout-flow\">\n<figure class=\"wp-block-image size-full is-resized\"><img decoding=\"async\" loading=\"lazy\" src=\"https:\/\/ving.com.mx\/wp-content\/uploads\/2023\/07\/haz-loc-computers-integrated-display-for-web-large-312w255h-2.jpg\" alt=\"\" class=\"wp-image-227\" width=\"325\" height=\"266\" srcset=\"https:\/\/ving.com.mx\/wp-content\/uploads\/2023\/07\/haz-loc-computers-integrated-display-for-web-large-312w255h-2.jpg 312w, https:\/\/ving.com.mx\/wp-content\/uploads\/2023\/07\/haz-loc-computers-integrated-display-for-web-large-312w255h-2-300x245.jpg 300w\" sizes=\"(max-width: 325px) 100vw, 325px\" \/><\/figure>\n\n\n\n<p class=\"has-text-align-center\"><strong>HMIs y Pantallas<\/strong><\/p>\n<\/div>\n<\/div>\n\n\n\n<div class=\"wp-block-columns is-layout-flex wp-container-16\">\n<div class=\"wp-block-column is-layout-flow\" style=\"flex-basis:100%\"><div class=\"wp-block-image\">\n<figure class=\"aligncenter size-full is-resized\"><img decoding=\"async\" loading=\"lazy\" src=\"https:\/\/ving.com.mx\/wp-content\/uploads\/2023\/07\/Actuador-BELIMO-5.jpg\" alt=\"\" class=\"wp-image-228\" width=\"181\" height=\"273\"\/><\/figure><\/div><\/div>\n<\/div>\n\n\n\n<p class=\"has-text-align-center\"><strong>Actuadores el\u00e9ctricos y neum\u00e1ticos<\/strong><\/p>\n","protected":false},"excerpt":{"rendered":"<p>Tu nombre Tu correo electr\u00f3nico Asunto Tu mensaje (opcional) OFRECEMOS SOLUCIONES DE CONTROL INDUSTRIAL DE ACUERDO A SUS NECESIDADES DE NEGOCIO. C\u00e1maras de visi\u00f3n Guardas de seguridad Brazos rob\u00f3ticos V\u00e1lvulas de Control Variadores de Frecuencia para Motores Controladores PACs y PLCs Workstations, Servidores y Routers Industriales Transmisores y Sensores Servodrives para Servomecanismos HMIs y Pantallas [&hellip;]<\/p>\n","protected":false},"author":1,"featured_media":0,"parent":0,"menu_order":0,"comment_status":"closed","ping_status":"closed","template":"","meta":[],"yoast_head":"<!-- This site is optimized with the Yoast SEO plugin v21.5 - https:\/\/yoast.com\/wordpress\/plugins\/seo\/ -->\n<title>PRODUCTOS Y SERVICIOS - VING Innovaci\u00f3n<\/title>\n<meta name=\"robots\" content=\"index, follow, max-snippet:-1, max-image-preview:large, max-video-preview:-1\" \/>\n<link rel=\"canonical\" href=\"https:\/\/ving.com.mx\/index.php\/productos-y-servicios\/\" \/>\n<meta property=\"og:locale\" content=\"es_MX\" \/>\n<meta property=\"og:type\" content=\"article\" \/>\n<meta property=\"og:title\" content=\"PRODUCTOS Y SERVICIOS - VING Innovaci\u00f3n\" \/>\n<meta property=\"og:description\" content=\"Tu nombre Tu correo electr\u00f3nico Asunto Tu mensaje (opcional) OFRECEMOS SOLUCIONES DE CONTROL INDUSTRIAL DE ACUERDO A SUS NECESIDADES DE NEGOCIO. C\u00e1maras de visi\u00f3n Guardas de seguridad Brazos rob\u00f3ticos V\u00e1lvulas de Control Variadores de Frecuencia para Motores Controladores PACs y PLCs Workstations, Servidores y Routers Industriales Transmisores y Sensores Servodrives para Servomecanismos HMIs y Pantallas [&hellip;]\" \/>\n<meta property=\"og:url\" content=\"https:\/\/ving.com.mx\/index.php\/productos-y-servicios\/\" \/>\n<meta property=\"og:site_name\" content=\"VING Innovaci\u00f3n\" \/>\n<meta property=\"article:modified_time\" content=\"2023-08-09T15:50:55+00:00\" \/>\n<meta property=\"og:image\" content=\"https:\/\/ving.com.mx\/wp-content\/uploads\/2023\/07\/t6-2.webp\" \/>\n<meta name=\"twitter:card\" content=\"summary_large_image\" \/>\n<script type=\"application\/ld+json\" class=\"yoast-schema-graph\">{\"@context\":\"https:\/\/schema.org\",\"@graph\":[{\"@type\":\"WebPage\",\"@id\":\"https:\/\/ving.com.mx\/index.php\/productos-y-servicios\/\",\"url\":\"https:\/\/ving.com.mx\/index.php\/productos-y-servicios\/\",\"name\":\"PRODUCTOS Y SERVICIOS - VING Innovaci\u00f3n\",\"isPartOf\":{\"@id\":\"https:\/\/ving.com.mx\/#website\"},\"datePublished\":\"2023-07-20T22:53:37+00:00\",\"dateModified\":\"2023-08-09T15:50:55+00:00\",\"breadcrumb\":{\"@id\":\"https:\/\/ving.com.mx\/index.php\/productos-y-servicios\/#breadcrumb\"},\"inLanguage\":\"es-MX\",\"potentialAction\":[{\"@type\":\"ReadAction\",\"target\":[\"https:\/\/ving.com.mx\/index.php\/productos-y-servicios\/\"]}]},{\"@type\":\"BreadcrumbList\",\"@id\":\"https:\/\/ving.com.mx\/index.php\/productos-y-servicios\/#breadcrumb\",\"itemListElement\":[{\"@type\":\"ListItem\",\"position\":1,\"name\":\"Inicio\",\"item\":\"https:\/\/ving.com.mx\/\"},{\"@type\":\"ListItem\",\"position\":2,\"name\":\"PRODUCTOS Y SERVICIOS\"}]},{\"@type\":\"WebSite\",\"@id\":\"https:\/\/ving.com.mx\/#website\",\"url\":\"https:\/\/ving.com.mx\/\",\"name\":\"VING Innovaci\u00f3n\",\"description\":\"\",\"publisher\":{\"@id\":\"https:\/\/ving.com.mx\/#organization\"},\"potentialAction\":[{\"@type\":\"SearchAction\",\"target\":{\"@type\":\"EntryPoint\",\"urlTemplate\":\"https:\/\/ving.com.mx\/?s={search_term_string}\"},\"query-input\":\"required name=search_term_string\"}],\"inLanguage\":\"es-MX\"},{\"@type\":\"Organization\",\"@id\":\"https:\/\/ving.com.mx\/#organization\",\"name\":\"VING Innovaci\u00f3n\",\"url\":\"https:\/\/ving.com.mx\/\",\"logo\":{\"@type\":\"ImageObject\",\"inLanguage\":\"es-MX\",\"@id\":\"https:\/\/ving.com.mx\/#\/schema\/logo\/image\/\",\"url\":\"https:\/\/ving.com.mx\/wp-content\/uploads\/2023\/07\/cropped-VING-LOGO-BLANCO.jpg\",\"contentUrl\":\"https:\/\/ving.com.mx\/wp-content\/uploads\/2023\/07\/cropped-VING-LOGO-BLANCO.jpg\",\"width\":355,\"height\":185,\"caption\":\"VING Innovaci\u00f3n\"},\"image\":{\"@id\":\"https:\/\/ving.com.mx\/#\/schema\/logo\/image\/\"}}]}<\/script>\n<!-- \/ Yoast SEO plugin. -->","yoast_head_json":{"title":"PRODUCTOS Y SERVICIOS - VING Innovaci\u00f3n","robots":{"index":"index","follow":"follow","max-snippet":"max-snippet:-1","max-image-preview":"max-image-preview:large","max-video-preview":"max-video-preview:-1"},"canonical":"https:\/\/ving.com.mx\/index.php\/productos-y-servicios\/","og_locale":"es_MX","og_type":"article","og_title":"PRODUCTOS Y SERVICIOS - VING Innovaci\u00f3n","og_description":"Tu nombre Tu correo electr\u00f3nico Asunto Tu mensaje (opcional) OFRECEMOS SOLUCIONES DE CONTROL INDUSTRIAL DE ACUERDO A SUS NECESIDADES DE NEGOCIO. C\u00e1maras de visi\u00f3n Guardas de seguridad Brazos rob\u00f3ticos V\u00e1lvulas de Control Variadores de Frecuencia para Motores Controladores PACs y PLCs Workstations, Servidores y Routers Industriales Transmisores y Sensores Servodrives para Servomecanismos HMIs y Pantallas [&hellip;]","og_url":"https:\/\/ving.com.mx\/index.php\/productos-y-servicios\/","og_site_name":"VING Innovaci\u00f3n","article_modified_time":"2023-08-09T15:50:55+00:00","og_image":[{"url":"https:\/\/ving.com.mx\/wp-content\/uploads\/2023\/07\/t6-2.webp"}],"twitter_card":"summary_large_image","schema":{"@context":"https:\/\/schema.org","@graph":[{"@type":"WebPage","@id":"https:\/\/ving.com.mx\/index.php\/productos-y-servicios\/","url":"https:\/\/ving.com.mx\/index.php\/productos-y-servicios\/","name":"PRODUCTOS Y SERVICIOS - VING Innovaci\u00f3n","isPartOf":{"@id":"https:\/\/ving.com.mx\/#website"},"datePublished":"2023-07-20T22:53:37+00:00","dateModified":"2023-08-09T15:50:55+00:00","breadcrumb":{"@id":"https:\/\/ving.com.mx\/index.php\/productos-y-servicios\/#breadcrumb"},"inLanguage":"es-MX","potentialAction":[{"@type":"ReadAction","target":["https:\/\/ving.com.mx\/index.php\/productos-y-servicios\/"]}]},{"@type":"BreadcrumbList","@id":"https:\/\/ving.com.mx\/index.php\/productos-y-servicios\/#breadcrumb","itemListElement":[{"@type":"ListItem","position":1,"name":"Inicio","item":"https:\/\/ving.com.mx\/"},{"@type":"ListItem","position":2,"name":"PRODUCTOS Y SERVICIOS"}]},{"@type":"WebSite","@id":"https:\/\/ving.com.mx\/#website","url":"https:\/\/ving.com.mx\/","name":"VING Innovaci\u00f3n","description":"","publisher":{"@id":"https:\/\/ving.com.mx\/#organization"},"potentialAction":[{"@type":"SearchAction","target":{"@type":"EntryPoint","urlTemplate":"https:\/\/ving.com.mx\/?s={search_term_string}"},"query-input":"required name=search_term_string"}],"inLanguage":"es-MX"},{"@type":"Organization","@id":"https:\/\/ving.com.mx\/#organization","name":"VING Innovaci\u00f3n","url":"https:\/\/ving.com.mx\/","logo":{"@type":"ImageObject","inLanguage":"es-MX","@id":"https:\/\/ving.com.mx\/#\/schema\/logo\/image\/","url":"https:\/\/ving.com.mx\/wp-content\/uploads\/2023\/07\/cropped-VING-LOGO-BLANCO.jpg","contentUrl":"https:\/\/ving.com.mx\/wp-content\/uploads\/2023\/07\/cropped-VING-LOGO-BLANCO.jpg","width":355,"height":185,"caption":"VING Innovaci\u00f3n"},"image":{"@id":"https:\/\/ving.com.mx\/#\/schema\/logo\/image\/"}}]}},"_links":{"self":[{"href":"https:\/\/ving.com.mx\/index.php\/wp-json\/wp\/v2\/pages\/116"}],"collection":[{"href":"https:\/\/ving.com.mx\/index.php\/wp-json\/wp\/v2\/pages"}],"about":[{"href":"https:\/\/ving.com.mx\/index.php\/wp-json\/wp\/v2\/types\/page"}],"author":[{"embeddable":true,"href":"https:\/\/ving.com.mx\/index.php\/wp-json\/wp\/v2\/users\/1"}],"replies":[{"embeddable":true,"href":"https:\/\/ving.com.mx\/index.php\/wp-json\/wp\/v2\/comments?post=116"}],"version-history":[{"count":5,"href":"https:\/\/ving.com.mx\/index.php\/wp-json\/wp\/v2\/pages\/116\/revisions"}],"predecessor-version":[{"id":415,"href":"https:\/\/ving.com.mx\/index.php\/wp-json\/wp\/v2\/pages\/116\/revisions\/415"}],"wp:attachment":[{"href":"https:\/\/ving.com.mx\/index.php\/wp-json\/wp\/v2\/media?parent=116"}],"curies":[{"name":"wp","href":"https:\/\/api.w.org\/{rel}","templated":true}]}}