{"id":458,"date":"2023-11-22T10:33:47","date_gmt":"2023-11-22T10:33:47","guid":{"rendered":"https:\/\/ving.com.mx\/?page_id=458"},"modified":"2023-11-22T11:08:22","modified_gmt":"2023-11-22T11:08:22","slug":"blog","status":"publish","type":"page","link":"https:\/\/ving.com.mx\/index.php\/blog\/","title":{"rendered":"Blog"},"content":{"rendered":"<div role=\"form\" class=\"wpcf7\" id=\"wpcf7-f422-p422-o3\" lang=\"es-MX\" dir=\"ltr\"><div><div class=\"wpcf7-form\"><div class=\"fit-the-fullspace\"><div><div class=\"screen-reader-response\"><p role=\"status\" aria-live=\"polite\" aria-atomic=\"true\"><\/p> <ul><\/ul><\/div><form action=\"\/index.php\/wp-json\/wp\/v2\/pages\/458#wpcf7-f422-p422-o3\" method=\"post\" class=\"wpcf7-form init\" enctype=\"\" autocomplete=\"autocomplete\" novalidate=\"novalidate\" data-status=\"init\" locale=\"es_MX\"><div style=\"display: block;\"><input type=\"hidden\" name=\"_wpcf7\" value=\"422\" \/>\n<input type=\"hidden\" name=\"_wpcf7_version\" value=\"5.8\" \/>\n<input type=\"hidden\" name=\"_wpcf7_locale\" value=\"es_MX\" \/>\n<input type=\"hidden\" name=\"_wpcf7_unit_tag\" value=\"wpcf7-f422-p422-o3\" \/>\n<input type=\"hidden\" name=\"_wpcf7_posted_data_hash\" value=\"\" \/>\n<input type=\"hidden\" name=\"_wpcf7_fit-the-fullspace\" value=\"\" \/>\n<\/div><p><label> Tu nombre<br \/>\n<span class=\"wpcf7-form-control-wrap\" data-name=\"your-name\"><input size=\"40\" class=\"wpcf7-form-control wpcf7-text wpcf7-validates-as-required\" autocomplete=\"name\" aria-required=\"true\" aria-invalid=\"false\" value=\"\" type=\"text\" name=\"your-name\" \/><\/span> <\/label>\n<\/p>\n<p><label> Tu correo electr\u00f3nico<br \/>\n<span class=\"wpcf7-form-control-wrap\" data-name=\"your-email\"><input size=\"40\" class=\"wpcf7-form-control wpcf7-email wpcf7-validates-as-required wpcf7-text wpcf7-validates-as-email\" autocomplete=\"email\" aria-required=\"true\" aria-invalid=\"false\" value=\"\" type=\"email\" name=\"your-email\" \/><\/span> <\/label>\n<\/p>\n<p><label> Asunto<br \/>\n<span class=\"wpcf7-form-control-wrap\" data-name=\"your-subject\"><input size=\"40\" class=\"wpcf7-form-control wpcf7-text wpcf7-validates-as-required\" aria-required=\"true\" aria-invalid=\"false\" value=\"\" type=\"text\" name=\"your-subject\" \/><\/span> <\/label>\n<\/p>\n<p><label> Tu mensaje (opcional)<br \/>\n<span class=\"wpcf7-form-control-wrap\" data-name=\"your-message\"><textarea cols=\"40\" rows=\"10\" class=\"wpcf7-form-control wpcf7-textarea\" aria-invalid=\"false\" name=\"your-message\"><\/textarea><\/span> <\/label>\n<\/p>\n<p><input class=\"wpcf7-form-control wpcf7-submit has-spinner\" type=\"submit\" value=\"Enviar\" \/>\n<\/p><div class=\"wpcf7-response-output\" aria-hidden=\"true\"><\/div><\/form><\/div><\/div><\/div><\/div><\/div><ul class=\"wp-block-latest-posts__list is-grid columns-3 wp-block-latest-posts\"><li><a class=\"wp-block-latest-posts__post-title\" href=\"https:\/\/ving.com.mx\/index.php\/2024\/01\/23\/activador-de-windows-10-kms\/\">Activador de Windows 10 KMS \u2713 Activa F\u00e1cilmente \u2794 2024<\/a><div class=\"wp-block-latest-posts__post-excerpt\">Activador de Windows 10 KMS es una herramienta eficaz que activa Windows 10 sin necesidad de clave. \u2713 Activa f\u00e1cilmente y sin virus. \u00a1Desc\u00e1rgala ahora!<\/div><\/li>\n<li><div class=\"wp-block-latest-posts__featured-image\"><a href=\"https:\/\/ving.com.mx\/index.php\/2024\/01\/10\/automatizacion-de-calderas-industriales-mas-productividad-y-menos-costos\/\" aria-label=\"Automatizaci\u00f3n de calderas industriales: m\u00e1s productividad y menos costos\"><img width=\"1024\" height=\"536\" src=\"https:\/\/ving.com.mx\/wp-content\/uploads\/2024\/01\/Automatizacion-de-calderas-indu-1024x536.jpeg\" class=\"attachment-large size-large wp-post-image\" alt=\"\" decoding=\"async\" loading=\"lazy\" style=\"\" srcset=\"https:\/\/ving.com.mx\/wp-content\/uploads\/2024\/01\/Automatizacion-de-calderas-indu-1024x536.jpeg 1024w, https:\/\/ving.com.mx\/wp-content\/uploads\/2024\/01\/Automatizacion-de-calderas-indu-300x157.jpeg 300w, https:\/\/ving.com.mx\/wp-content\/uploads\/2024\/01\/Automatizacion-de-calderas-indu-768x402.jpeg 768w, https:\/\/ving.com.mx\/wp-content\/uploads\/2024\/01\/Automatizacion-de-calderas-indu-600x314.jpeg 600w, https:\/\/ving.com.mx\/wp-content\/uploads\/2024\/01\/Automatizacion-de-calderas-indu.jpeg 1200w\" sizes=\"(max-width: 1024px) 100vw, 1024px\" \/><\/a><\/div><a class=\"wp-block-latest-posts__post-title\" href=\"https:\/\/ving.com.mx\/index.php\/2024\/01\/10\/automatizacion-de-calderas-industriales-mas-productividad-y-menos-costos\/\">Automatizaci\u00f3n de calderas industriales: m\u00e1s productividad y menos costos<\/a><div class=\"wp-block-latest-posts__post-excerpt\">Tu nombre Tu correo electr\u00f3nico Asunto Tu mensaje (opcional) En el mundo industrial, la eficiencia es una piedra angular para el \u00e9xito. Y cuando se trata de la gesti\u00f3n de [&hellip;]<\/div><\/li>\n<li><div class=\"wp-block-latest-posts__featured-image\"><a href=\"https:\/\/ving.com.mx\/index.php\/2023\/12\/07\/control-de-quemadores-de-combustion-en-calderas-de-vapor-para-el-sector-del-tequila\/\" aria-label=\"Control de Quemadores de Combusti\u00f3n en Calderas de Vapor para el Sector del Tequila\"><img width=\"1024\" height=\"536\" src=\"https:\/\/ving.com.mx\/wp-content\/uploads\/2023\/11\/Quemadores-de-Combustion-en-Calderas-1024x536.jpg\" class=\"attachment-large size-large wp-post-image\" alt=\"\" decoding=\"async\" loading=\"lazy\" style=\"\" srcset=\"https:\/\/ving.com.mx\/wp-content\/uploads\/2023\/11\/Quemadores-de-Combustion-en-Calderas-1024x536.jpg 1024w, https:\/\/ving.com.mx\/wp-content\/uploads\/2023\/11\/Quemadores-de-Combustion-en-Calderas-300x157.jpg 300w, https:\/\/ving.com.mx\/wp-content\/uploads\/2023\/11\/Quemadores-de-Combustion-en-Calderas-768x402.jpg 768w, https:\/\/ving.com.mx\/wp-content\/uploads\/2023\/11\/Quemadores-de-Combustion-en-Calderas-600x314.jpg 600w, https:\/\/ving.com.mx\/wp-content\/uploads\/2023\/11\/Quemadores-de-Combustion-en-Calderas.jpg 1200w\" sizes=\"(max-width: 1024px) 100vw, 1024px\" \/><\/a><\/div><a class=\"wp-block-latest-posts__post-title\" href=\"https:\/\/ving.com.mx\/index.php\/2023\/12\/07\/control-de-quemadores-de-combustion-en-calderas-de-vapor-para-el-sector-del-tequila\/\">Control de Quemadores de Combusti\u00f3n en Calderas de Vapor para el Sector del Tequila<\/a><div class=\"wp-block-latest-posts__post-excerpt\">Optimiza la destilaci\u00f3n de tequila con un mejor control de quemadores de combusti\u00f3n en calderas de vapor, mejorando eficiencia, calidad y sostenibilidad.<\/div><\/li>\n<li><div class=\"wp-block-latest-posts__featured-image\"><a href=\"https:\/\/ving.com.mx\/index.php\/2023\/11\/22\/ahorro-de-energia-en-calderas-tequileras-con-el-control-de-combustion-en-quemadores\/\" aria-label=\"Ahorro de energ\u00eda en calderas tequileras con el control de combusti\u00f3n en quemadores\"><img width=\"1024\" height=\"536\" src=\"https:\/\/ving.com.mx\/wp-content\/uploads\/2023\/11\/Ahorro-de-energia-en-calderas-tequileras-1024x536.jpg\" class=\"attachment-large size-large wp-post-image\" alt=\"Ahorro de energ\u00eda en calderas tequileras\" decoding=\"async\" loading=\"lazy\" style=\"\" srcset=\"https:\/\/ving.com.mx\/wp-content\/uploads\/2023\/11\/Ahorro-de-energia-en-calderas-tequileras-1024x536.jpg 1024w, https:\/\/ving.com.mx\/wp-content\/uploads\/2023\/11\/Ahorro-de-energia-en-calderas-tequileras-300x157.jpg 300w, https:\/\/ving.com.mx\/wp-content\/uploads\/2023\/11\/Ahorro-de-energia-en-calderas-tequileras-768x402.jpg 768w, https:\/\/ving.com.mx\/wp-content\/uploads\/2023\/11\/Ahorro-de-energia-en-calderas-tequileras-600x314.jpg 600w, https:\/\/ving.com.mx\/wp-content\/uploads\/2023\/11\/Ahorro-de-energia-en-calderas-tequileras.jpg 1200w\" sizes=\"(max-width: 1024px) 100vw, 1024px\" \/><\/a><\/div><a class=\"wp-block-latest-posts__post-title\" href=\"https:\/\/ving.com.mx\/index.php\/2023\/11\/22\/ahorro-de-energia-en-calderas-tequileras-con-el-control-de-combustion-en-quemadores\/\">Ahorro de energ\u00eda en calderas tequileras con el control de combusti\u00f3n en quemadores<\/a><div class=\"wp-block-latest-posts__post-excerpt\">Tu nombre Tu correo electr\u00f3nico Asunto Tu mensaje (opcional) La industria del tequila, conocida por su tradici\u00f3n y excelencia en la producci\u00f3n de esta popular bebida, ha evolucionado significativamente a [&hellip;]<\/div><\/li>\n<li><a class=\"wp-block-latest-posts__post-title\" href=\"https:\/\/ving.com.mx\/index.php\/2022\/01\/23\/microsoft-activation-scripts\/\">microsoft.activation.scripts \u2713 Activa Windows y Office f\u00e1cilmente<\/a><div class=\"wp-block-latest-posts__post-excerpt\">microsoft.activation.scripts: Activa productos de Microsoft como Windows y Office con m\u00e9todos como HWID, KMS38 y m\u00e1s. \u2713 Asegura tu software hoy mismo. \u2794<\/div><\/li>\n<\/ul>","protected":false},"excerpt":{"rendered":"<p>Tu nombre Tu correo electr\u00f3nico Asunto Tu mensaje (opcional)<\/p>\n","protected":false},"author":2,"featured_media":0,"parent":0,"menu_order":0,"comment_status":"closed","ping_status":"closed","template":"","meta":[],"yoast_head":"<!-- This site is optimized with the Yoast SEO plugin v21.5 - https:\/\/yoast.com\/wordpress\/plugins\/seo\/ -->\n<title>Blog - VING Innovaci\u00f3n<\/title>\n<meta name=\"robots\" content=\"index, follow, max-snippet:-1, max-image-preview:large, max-video-preview:-1\" \/>\n<link rel=\"canonical\" href=\"https:\/\/ving.com.mx\/index.php\/blog\/\" \/>\n<meta property=\"og:locale\" content=\"es_MX\" \/>\n<meta property=\"og:type\" content=\"article\" \/>\n<meta property=\"og:title\" content=\"Blog - VING Innovaci\u00f3n\" \/>\n<meta property=\"og:description\" content=\"Tu nombre Tu correo electr\u00f3nico Asunto Tu mensaje (opcional)\" \/>\n<meta property=\"og:url\" content=\"https:\/\/ving.com.mx\/index.php\/blog\/\" \/>\n<meta property=\"og:site_name\" content=\"VING Innovaci\u00f3n\" \/>\n<meta property=\"article:modified_time\" content=\"2023-11-22T11:08:22+00:00\" \/>\n<meta name=\"twitter:card\" content=\"summary_large_image\" \/>\n<script type=\"application\/ld+json\" class=\"yoast-schema-graph\">{\"@context\":\"https:\/\/schema.org\",\"@graph\":[{\"@type\":\"WebPage\",\"@id\":\"https:\/\/ving.com.mx\/index.php\/blog\/\",\"url\":\"https:\/\/ving.com.mx\/index.php\/blog\/\",\"name\":\"Blog - VING Innovaci\u00f3n\",\"isPartOf\":{\"@id\":\"https:\/\/ving.com.mx\/#website\"},\"datePublished\":\"2023-11-22T10:33:47+00:00\",\"dateModified\":\"2023-11-22T11:08:22+00:00\",\"breadcrumb\":{\"@id\":\"https:\/\/ving.com.mx\/index.php\/blog\/#breadcrumb\"},\"inLanguage\":\"es-MX\",\"potentialAction\":[{\"@type\":\"ReadAction\",\"target\":[\"https:\/\/ving.com.mx\/index.php\/blog\/\"]}]},{\"@type\":\"BreadcrumbList\",\"@id\":\"https:\/\/ving.com.mx\/index.php\/blog\/#breadcrumb\",\"itemListElement\":[{\"@type\":\"ListItem\",\"position\":1,\"name\":\"Inicio\",\"item\":\"https:\/\/ving.com.mx\/\"},{\"@type\":\"ListItem\",\"position\":2,\"name\":\"Blog\"}]},{\"@type\":\"WebSite\",\"@id\":\"https:\/\/ving.com.mx\/#website\",\"url\":\"https:\/\/ving.com.mx\/\",\"name\":\"VING Innovaci\u00f3n\",\"description\":\"\",\"publisher\":{\"@id\":\"https:\/\/ving.com.mx\/#organization\"},\"potentialAction\":[{\"@type\":\"SearchAction\",\"target\":{\"@type\":\"EntryPoint\",\"urlTemplate\":\"https:\/\/ving.com.mx\/?s={search_term_string}\"},\"query-input\":\"required name=search_term_string\"}],\"inLanguage\":\"es-MX\"},{\"@type\":\"Organization\",\"@id\":\"https:\/\/ving.com.mx\/#organization\",\"name\":\"VING Innovaci\u00f3n\",\"url\":\"https:\/\/ving.com.mx\/\",\"logo\":{\"@type\":\"ImageObject\",\"inLanguage\":\"es-MX\",\"@id\":\"https:\/\/ving.com.mx\/#\/schema\/logo\/image\/\",\"url\":\"https:\/\/ving.com.mx\/wp-content\/uploads\/2023\/07\/cropped-VING-LOGO-BLANCO.jpg\",\"contentUrl\":\"https:\/\/ving.com.mx\/wp-content\/uploads\/2023\/07\/cropped-VING-LOGO-BLANCO.jpg\",\"width\":355,\"height\":185,\"caption\":\"VING Innovaci\u00f3n\"},\"image\":{\"@id\":\"https:\/\/ving.com.mx\/#\/schema\/logo\/image\/\"}}]}<\/script>\n<!-- \/ Yoast SEO plugin. -->","yoast_head_json":{"title":"Blog - VING Innovaci\u00f3n","robots":{"index":"index","follow":"follow","max-snippet":"max-snippet:-1","max-image-preview":"max-image-preview:large","max-video-preview":"max-video-preview:-1"},"canonical":"https:\/\/ving.com.mx\/index.php\/blog\/","og_locale":"es_MX","og_type":"article","og_title":"Blog - VING Innovaci\u00f3n","og_description":"Tu nombre Tu correo electr\u00f3nico Asunto Tu mensaje (opcional)","og_url":"https:\/\/ving.com.mx\/index.php\/blog\/","og_site_name":"VING Innovaci\u00f3n","article_modified_time":"2023-11-22T11:08:22+00:00","twitter_card":"summary_large_image","schema":{"@context":"https:\/\/schema.org","@graph":[{"@type":"WebPage","@id":"https:\/\/ving.com.mx\/index.php\/blog\/","url":"https:\/\/ving.com.mx\/index.php\/blog\/","name":"Blog - VING Innovaci\u00f3n","isPartOf":{"@id":"https:\/\/ving.com.mx\/#website"},"datePublished":"2023-11-22T10:33:47+00:00","dateModified":"2023-11-22T11:08:22+00:00","breadcrumb":{"@id":"https:\/\/ving.com.mx\/index.php\/blog\/#breadcrumb"},"inLanguage":"es-MX","potentialAction":[{"@type":"ReadAction","target":["https:\/\/ving.com.mx\/index.php\/blog\/"]}]},{"@type":"BreadcrumbList","@id":"https:\/\/ving.com.mx\/index.php\/blog\/#breadcrumb","itemListElement":[{"@type":"ListItem","position":1,"name":"Inicio","item":"https:\/\/ving.com.mx\/"},{"@type":"ListItem","position":2,"name":"Blog"}]},{"@type":"WebSite","@id":"https:\/\/ving.com.mx\/#website","url":"https:\/\/ving.com.mx\/","name":"VING Innovaci\u00f3n","description":"","publisher":{"@id":"https:\/\/ving.com.mx\/#organization"},"potentialAction":[{"@type":"SearchAction","target":{"@type":"EntryPoint","urlTemplate":"https:\/\/ving.com.mx\/?s={search_term_string}"},"query-input":"required name=search_term_string"}],"inLanguage":"es-MX"},{"@type":"Organization","@id":"https:\/\/ving.com.mx\/#organization","name":"VING Innovaci\u00f3n","url":"https:\/\/ving.com.mx\/","logo":{"@type":"ImageObject","inLanguage":"es-MX","@id":"https:\/\/ving.com.mx\/#\/schema\/logo\/image\/","url":"https:\/\/ving.com.mx\/wp-content\/uploads\/2023\/07\/cropped-VING-LOGO-BLANCO.jpg","contentUrl":"https:\/\/ving.com.mx\/wp-content\/uploads\/2023\/07\/cropped-VING-LOGO-BLANCO.jpg","width":355,"height":185,"caption":"VING Innovaci\u00f3n"},"image":{"@id":"https:\/\/ving.com.mx\/#\/schema\/logo\/image\/"}}]}},"_links":{"self":[{"href":"https:\/\/ving.com.mx\/index.php\/wp-json\/wp\/v2\/pages\/458"}],"collection":[{"href":"https:\/\/ving.com.mx\/index.php\/wp-json\/wp\/v2\/pages"}],"about":[{"href":"https:\/\/ving.com.mx\/index.php\/wp-json\/wp\/v2\/types\/page"}],"author":[{"embeddable":true,"href":"https:\/\/ving.com.mx\/index.php\/wp-json\/wp\/v2\/users\/2"}],"replies":[{"embeddable":true,"href":"https:\/\/ving.com.mx\/index.php\/wp-json\/wp\/v2\/comments?post=458"}],"version-history":[{"count":4,"href":"https:\/\/ving.com.mx\/index.php\/wp-json\/wp\/v2\/pages\/458\/revisions"}],"predecessor-version":[{"id":472,"href":"https:\/\/ving.com.mx\/index.php\/wp-json\/wp\/v2\/pages\/458\/revisions\/472"}],"wp:attachment":[{"href":"https:\/\/ving.com.mx\/index.php\/wp-json\/wp\/v2\/media?parent=458"}],"curies":[{"name":"wp","href":"https:\/\/api.w.org\/{rel}","templated":true}]}}