{"id":571,"date":"2024-01-09T10:43:36","date_gmt":"2024-01-09T10:43:36","guid":{"rendered":"https:\/\/ving.com.mx\/?page_id=571"},"modified":"2024-01-09T11:42:10","modified_gmt":"2024-01-09T11:42:10","slug":"soluciones-innovadoras-en-control-industrial-y-tecnologia","status":"publish","type":"page","link":"https:\/\/ving.com.mx\/index.php\/soluciones-innovadoras-en-control-industrial-y-tecnologia\/","title":{"rendered":"Soluciones Innovadoras en Control Industrial y Tecnolog\u00eda"},"content":{"rendered":"<div role=\"form\" class=\"wpcf7\" id=\"wpcf7-f422-p422-o1\" lang=\"es-MX\" dir=\"ltr\"><div><div class=\"wpcf7-form\"><div class=\"fit-the-fullspace\"><div><div class=\"screen-reader-response\"><p role=\"status\" aria-live=\"polite\" aria-atomic=\"true\"><\/p> <ul><\/ul><\/div><form action=\"\/index.php\/wp-json\/wp\/v2\/pages\/571#wpcf7-f422-p422-o1\" method=\"post\" class=\"wpcf7-form init\" enctype=\"\" autocomplete=\"autocomplete\" novalidate=\"novalidate\" data-status=\"init\" locale=\"es_MX\"><div style=\"display: block;\"><input type=\"hidden\" name=\"_wpcf7\" value=\"422\" \/>\n<input type=\"hidden\" name=\"_wpcf7_version\" value=\"5.8\" \/>\n<input type=\"hidden\" name=\"_wpcf7_locale\" value=\"es_MX\" \/>\n<input type=\"hidden\" name=\"_wpcf7_unit_tag\" value=\"wpcf7-f422-p422-o1\" \/>\n<input type=\"hidden\" name=\"_wpcf7_posted_data_hash\" value=\"\" \/>\n<input type=\"hidden\" name=\"_wpcf7_fit-the-fullspace\" value=\"\" \/>\n<\/div><p><label> Tu nombre<br \/>\n<span class=\"wpcf7-form-control-wrap\" data-name=\"your-name\"><input size=\"40\" class=\"wpcf7-form-control wpcf7-text wpcf7-validates-as-required\" autocomplete=\"name\" aria-required=\"true\" aria-invalid=\"false\" value=\"\" type=\"text\" name=\"your-name\" \/><\/span> <\/label>\n<\/p>\n<p><label> Tu correo electr\u00f3nico<br \/>\n<span class=\"wpcf7-form-control-wrap\" data-name=\"your-email\"><input size=\"40\" class=\"wpcf7-form-control wpcf7-email wpcf7-validates-as-required wpcf7-text wpcf7-validates-as-email\" autocomplete=\"email\" aria-required=\"true\" aria-invalid=\"false\" value=\"\" type=\"email\" name=\"your-email\" \/><\/span> <\/label>\n<\/p>\n<p><label> Asunto<br \/>\n<span class=\"wpcf7-form-control-wrap\" data-name=\"your-subject\"><input size=\"40\" class=\"wpcf7-form-control wpcf7-text wpcf7-validates-as-required\" aria-required=\"true\" aria-invalid=\"false\" value=\"\" type=\"text\" name=\"your-subject\" \/><\/span> <\/label>\n<\/p>\n<p><label> Tu mensaje (opcional)<br \/>\n<span class=\"wpcf7-form-control-wrap\" data-name=\"your-message\"><textarea cols=\"40\" rows=\"10\" class=\"wpcf7-form-control wpcf7-textarea\" aria-invalid=\"false\" name=\"your-message\"><\/textarea><\/span> <\/label>\n<\/p>\n<p><input class=\"wpcf7-form-control wpcf7-submit has-spinner\" type=\"submit\" value=\"Enviar\" \/>\n<\/p><div class=\"wpcf7-response-output\" aria-hidden=\"true\"><\/div><\/form><\/div><\/div><\/div><\/div><\/div>\n<h2 class=\"wp-block-heading\">\u00a1Descubre Soluciones Innovadoras en Control Industrial y Tecnolog\u00eda!<\/h2>\n\n\n\n<h3 class=\"wp-block-heading has-medium-font-size\">Obt\u00e9n Acceso Exclusivo a Nuestros PDFs Especializados<\/h3>\n\n\n\n<div class=\"wp-block-columns is-layout-flex wp-container-4\">\n<div class=\"wp-block-column is-layout-flow\">\n<h2 class=\"wp-block-heading\">CAT\u00c1LOGO DE SOLUCIONES<\/h2>\n\n\n\n<p>Descubre un amplio rango de soluciones en control industrial que hemos desarrollado a lo largo de nuestra trayectoria. Nuestro cat\u00e1logo detalla proyectos exitosos, abarcando desde el an\u00e1lisis y dise\u00f1o hasta la implementaci\u00f3n y servicio de automatizaci\u00f3n y control de procesos. <\/p>\n\n\n\n<p>Aprender\u00e1s c\u00f3mo nuestros sistemas a medida pueden optimizar operaciones en diversas industrias.<\/p>\n\n\n\n<div class=\"wp-block-buttons is-layout-flex\">\n<div class=\"wp-block-button\"><a class=\"wp-block-button__link wp-element-button\" href=\"#popup\">Acceder Ahora<\/a><\/div>\n<\/div>\n<\/div>\n\n\n\n<div class=\"wp-block-column is-layout-flow\">\n<figure class=\"wp-block-image size-medium\"><img decoding=\"async\" loading=\"lazy\" width=\"300\" height=\"286\" src=\"https:\/\/ving.com.mx\/wp-content\/uploads\/2024\/01\/Mockup-catalogo-soluciones-300x286.png\" alt=\"\" class=\"wp-image-586\" srcset=\"https:\/\/ving.com.mx\/wp-content\/uploads\/2024\/01\/Mockup-catalogo-soluciones-300x286.png 300w, https:\/\/ving.com.mx\/wp-content\/uploads\/2024\/01\/Mockup-catalogo-soluciones.png 492w\" sizes=\"(max-width: 300px) 100vw, 300px\" \/><\/figure>\n<\/div>\n<\/div>\n\n\n\n<div class=\"wp-block-columns is-layout-flex wp-container-8\">\n<div class=\"wp-block-column is-layout-flow\"><div class=\"wp-block-image\">\n<figure class=\"aligncenter size-medium\"><img decoding=\"async\" loading=\"lazy\" width=\"283\" height=\"300\" src=\"https:\/\/ving.com.mx\/wp-content\/uploads\/2024\/01\/Mockup-Catalogo-corporativo-283x300.png\" alt=\"\" class=\"wp-image-588\" srcset=\"https:\/\/ving.com.mx\/wp-content\/uploads\/2024\/01\/Mockup-Catalogo-corporativo-283x300.png 283w, https:\/\/ving.com.mx\/wp-content\/uploads\/2024\/01\/Mockup-Catalogo-corporativo-600x636.png 600w, https:\/\/ving.com.mx\/wp-content\/uploads\/2024\/01\/Mockup-Catalogo-corporativo.png 604w\" sizes=\"(max-width: 283px) 100vw, 283px\" \/><\/figure><\/div><\/div>\n\n\n\n<div class=\"wp-block-column is-layout-flow\">\n<h2 class=\"wp-block-heading\">CAT\u00c1LOGO CORPORATIVO<\/h2>\n\n\n\n<p>Conoce a fondo VING Innovaci\u00f3n Tecnol\u00f3gica del Baj\u00edo, nuestra empresa dedicada a la automatizaci\u00f3n y control industrial. Esta presentaci\u00f3n te sumerge en nuestra experiencia de 44 a\u00f1os, mostrando casos de \u00e9xito en sectores como la industria qu\u00edmica, alimenticia, manufacturera y m\u00e1s. <\/p>\n\n\n\n<p>Descubre c\u00f3mo nuestros servicios personalizados pueden transformar tu negocio.<\/p>\n\n\n\n<div class=\"wp-block-buttons is-layout-flex\">\n<div class=\"wp-block-button\"><a class=\"wp-block-button__link wp-element-button\" href=\"#popup\">Acceder Ahora<\/a><\/div>\n<\/div>\n<\/div>\n<\/div>\n\n\n\t\t<div class='wp-block-ilb-icon-list  align' id='ilbIconList-05d4be5b-1' data-attributes='{&quot;cId&quot;:&quot;05d4be5b-1&quot;,&quot;title&quot;:&quot;\\u00bfPor Qu\\u00e9 Registrarte?&quot;,&quot;isDesc&quot;:false,&quot;lists&quot;:[{&quot;icon&quot;:{&quot;class&quot;:&quot;fa-solid fa-star&quot;},&quot;text&quot;:&quot;Acceso inmediato a informaci\\u00f3n valiosa y detallada de nuestros servicios.&quot;,&quot;link&quot;:&quot;&quot;},{&quot;icon&quot;:{&quot;class&quot;:&quot;fa-solid fa-check-circle&quot;},&quot;text&quot;:&quot;Soluciones a medida para una amplia gama de necesidades industriales.&quot;,&quot;link&quot;:&quot;&quot;},{&quot;icon&quot;:{&quot;class&quot;:&quot;fa-solid fa-check-square&quot;},&quot;text&quot;:&quot;Ejemplos reales de casos de \\u00e9xito en diversas industrias.&quot;,&quot;link&quot;:&quot;&quot;},{&quot;icon&quot;:{&quot;class&quot;:&quot;fa-solid fa-heart&quot;},&quot;text&quot;:&quot;Oportunidad de mejorar tus procesos industriales con tecnolog\\u00eda punta.&quot;,&quot;link&quot;:&quot;&quot;}],&quot;width&quot;:&quot;100%&quot;,&quot;align&quot;:&quot;&quot;,&quot;isTitle&quot;:true,&quot;desc&quot;:&quot;Show list with the icons&quot;,&quot;isListLinkInNewTab&quot;:false,&quot;alignment&quot;:&quot;center&quot;,&quot;position&quot;:&quot;left&quot;,&quot;background&quot;:{&quot;color&quot;:&quot;#0000&quot;},&quot;padding&quot;:{&quot;vertical&quot;:&quot;30px&quot;,&quot;horizontal&quot;:&quot;25px&quot;},&quot;border&quot;:[],&quot;shadow&quot;:{&quot;blur&quot;:&quot;10px&quot;,&quot;color&quot;:&quot;#4527a480&quot;},&quot;headerMargin&quot;:{&quot;side&quot;:4,&quot;bottom&quot;:&quot;30px&quot;},&quot;titleTypo&quot;:{&quot;fontSize&quot;:{&quot;desktop&quot;:30,&quot;tablet&quot;:26,&quot;mobile&quot;:22},&quot;fontWeight&quot;:700,&quot;textTransform&quot;:&quot;uppercase&quot;},&quot;titleColor&quot;:&quot;#4527a4&quot;,&quot;descTypo&quot;:{&quot;fontSize&quot;:{&quot;desktop&quot;:18,&quot;tablet&quot;:17,&quot;mobile&quot;:16},&quot;fontWeight&quot;:500},&quot;descColor&quot;:&quot;#828282&quot;,&quot;isHeaderSep&quot;:true,&quot;headerSep&quot;:{&quot;width&quot;:&quot;20%&quot;,&quot;height&quot;:&quot;2px&quot;,&quot;style&quot;:&quot;solid&quot;,&quot;color&quot;:&quot;#828282&quot;},&quot;listIconSize&quot;:18,&quot;listIconColors&quot;:{&quot;color&quot;:&quot;#fff&quot;,&quot;bg&quot;:&quot;#4527a4&quot;},&quot;listTextTypo&quot;:{&quot;fontSize&quot;:{&quot;desktop&quot;:15,&quot;tablet&quot;:15,&quot;mobile&quot;:15}},&quot;listTextColor&quot;:&quot;#828282&quot;}'><\/div>\r\n\r\n\t\t\n\n\n<h2 class=\"wp-block-heading\" style=\"margin-top:40px\">\u00a1Tu Aliado en Control Industrial y Automatizaci\u00f3n!<\/h2>\n\n\n\n<h4 class=\"wp-block-heading\">VING Innovaci\u00f3n Tecnol\u00f3gica del Baj\u00edo<\/h4>\n\n\n\n<p>Dirigiendo el futuro del control industrial con innovaci\u00f3n y experiencia.<\/p>\n\n\n\n<div class=\"wp-block-buttons is-layout-flex\">\n<div class=\"wp-block-button\"><a class=\"wp-block-button__link wp-element-button\" href=\"#popup\">Acceder Ahora<\/a><\/div>\n<\/div>\n\n\n\n<div id=\"popup\" class=\"modalDialog\">\n     <div> <a href=\"#close\" title=\"Close\" class=\"close\">X<\/a>\n\n<!-- PASTE YOUR FORM EMBED CODE BELOW!   -->\n           <h3>Rellena el formulario para solicitar la evaluaci\u00f3n<\/h3>             \n                        \n<!-- SharpSpring Form for Soluciones Innovadoras en Control Industrial y Tecnolog\u00eda  -->\n<script type=\"text\/javascript\">\n    var ss_form = {'account': 'MzY0tDQ2MzAwAAA', 'formID': 'MzNMMk-2TDPVTTYxNtU1STRL1rU0TjXStUxLNUtNNDO0MEs0AwA'};\n    ss_form.width = '100%';\n    ss_form.domain = 'app-3S5WJCN5HW.marketingautomation.services';\n    \/\/ ss_form.hidden = {'field_id': 'value'}; \/\/ Modify this for sending hidden variables, or overriding values\n    \/\/ ss_form.target_id = 'target'; \/\/ Optional parameter: forms will be placed inside the element with the specified id\n    \/\/ ss_form.polling = true; \/\/ Optional parameter: set to true ONLY if your page loads dynamically and the id needs to be polled continually.\n<\/script>\n<script type=\"text\/javascript\" src=\"https:\/\/koi-3S5WJCN5HW.marketingautomation.services\/client\/form.js?ver=2.0.1\"><\/script>\n                    \n                    \n<!-- PASTE FORM EMBED CODE ABOVE!   -->      \n\n<\/div>\n      <\/div>\n\n<style> .modalDialog {\n   position: fixed;\n   font-family: Arial, Helvetica, sans-serif;\n   top: 0;\n   right: 0;\n   bottom: 0;\n   left: 0;\n   background: rgba(0, 0, 0, 0.8);\n   z-index: 9999;\n   overflow-y: scroll;\n   overflow: scroll;\n   display: none;\n}\n.modalDialog:target {\n   display: block;\n}\n.modalDialog > div {\n    width: 400px;\n    position: relative;\n    margin: 10% auto;\n    padding: 5px 20px 13px 20px;\n    border-radius: 10px;\n    background: #fff;\n}\n.close {\n    background: #606061;\n    color: #FFFFFF;\n    line-height: 25px;\n    position: absolute;\n    right: -12px;\n    text-align: center;\n    top: -10px;\n    width: 24px;\n    text-decoration: none;\n    font-weight: bold;\n    -webkit-border-radius: 12px;\n    -moz-border-radius: 12px;\n    border-radius: 12px;\n    -moz-box-shadow: 1px 1px 3px #000;\n    -webkit-box-shadow: 1px 1px 3px #000;\n    box-shadow: 1px 1px 3px #000;\n}\n.close:hover {\n    background: #00d9ff;\n}\n.noscroll { \n  overflow: hidden;\n}\n<\/style>\n","protected":false},"excerpt":{"rendered":"<p>Tu nombre Tu correo electr\u00f3nico Asunto Tu mensaje (opcional) \u00a1Descubre Soluciones Innovadoras en Control Industrial y Tecnolog\u00eda! Obt\u00e9n Acceso Exclusivo a Nuestros PDFs Especializados CAT\u00c1LOGO DE SOLUCIONES Descubre un amplio rango de soluciones en control industrial que hemos desarrollado a lo largo de nuestra trayectoria. Nuestro cat\u00e1logo detalla proyectos exitosos, abarcando desde el an\u00e1lisis y [&hellip;]<\/p>\n","protected":false},"author":2,"featured_media":0,"parent":0,"menu_order":0,"comment_status":"closed","ping_status":"closed","template":"","meta":[],"yoast_head":"<!-- This site is optimized with the Yoast SEO plugin v21.5 - https:\/\/yoast.com\/wordpress\/plugins\/seo\/ -->\n<title>Soluciones Innovadoras en Control Industrial y Tecnolog\u00eda - VING Innovaci\u00f3n<\/title>\n<meta name=\"robots\" content=\"index, follow, max-snippet:-1, max-image-preview:large, max-video-preview:-1\" \/>\n<link rel=\"canonical\" href=\"https:\/\/ving.com.mx\/index.php\/soluciones-innovadoras-en-control-industrial-y-tecnologia\/\" \/>\n<meta property=\"og:locale\" content=\"es_MX\" \/>\n<meta property=\"og:type\" content=\"article\" \/>\n<meta property=\"og:title\" content=\"Soluciones Innovadoras en Control Industrial y Tecnolog\u00eda - VING Innovaci\u00f3n\" \/>\n<meta property=\"og:description\" content=\"Tu nombre Tu correo electr\u00f3nico Asunto Tu mensaje (opcional) \u00a1Descubre Soluciones Innovadoras en Control Industrial y Tecnolog\u00eda! Obt\u00e9n Acceso Exclusivo a Nuestros PDFs Especializados CAT\u00c1LOGO DE SOLUCIONES Descubre un amplio rango de soluciones en control industrial que hemos desarrollado a lo largo de nuestra trayectoria. Nuestro cat\u00e1logo detalla proyectos exitosos, abarcando desde el an\u00e1lisis y [&hellip;]\" \/>\n<meta property=\"og:url\" content=\"https:\/\/ving.com.mx\/index.php\/soluciones-innovadoras-en-control-industrial-y-tecnologia\/\" \/>\n<meta property=\"og:site_name\" content=\"VING Innovaci\u00f3n\" \/>\n<meta property=\"article:modified_time\" content=\"2024-01-09T11:42:10+00:00\" \/>\n<meta property=\"og:image\" content=\"https:\/\/ving.com.mx\/wp-content\/uploads\/2024\/01\/Mockup-catalogo-soluciones-300x286.png\" \/>\n<meta name=\"twitter:card\" content=\"summary_large_image\" \/>\n<meta name=\"twitter:label1\" content=\"Tiempo de lectura\" \/>\n\t<meta name=\"twitter:data1\" content=\"2 minutos\" \/>\n<script type=\"application\/ld+json\" class=\"yoast-schema-graph\">{\"@context\":\"https:\/\/schema.org\",\"@graph\":[{\"@type\":\"WebPage\",\"@id\":\"https:\/\/ving.com.mx\/index.php\/soluciones-innovadoras-en-control-industrial-y-tecnologia\/\",\"url\":\"https:\/\/ving.com.mx\/index.php\/soluciones-innovadoras-en-control-industrial-y-tecnologia\/\",\"name\":\"Soluciones Innovadoras en Control Industrial y Tecnolog\u00eda - VING Innovaci\u00f3n\",\"isPartOf\":{\"@id\":\"https:\/\/ving.com.mx\/#website\"},\"datePublished\":\"2024-01-09T10:43:36+00:00\",\"dateModified\":\"2024-01-09T11:42:10+00:00\",\"breadcrumb\":{\"@id\":\"https:\/\/ving.com.mx\/index.php\/soluciones-innovadoras-en-control-industrial-y-tecnologia\/#breadcrumb\"},\"inLanguage\":\"es-MX\",\"potentialAction\":[{\"@type\":\"ReadAction\",\"target\":[\"https:\/\/ving.com.mx\/index.php\/soluciones-innovadoras-en-control-industrial-y-tecnologia\/\"]}]},{\"@type\":\"BreadcrumbList\",\"@id\":\"https:\/\/ving.com.mx\/index.php\/soluciones-innovadoras-en-control-industrial-y-tecnologia\/#breadcrumb\",\"itemListElement\":[{\"@type\":\"ListItem\",\"position\":1,\"name\":\"Inicio\",\"item\":\"https:\/\/ving.com.mx\/\"},{\"@type\":\"ListItem\",\"position\":2,\"name\":\"Soluciones Innovadoras en Control Industrial y Tecnolog\u00eda\"}]},{\"@type\":\"WebSite\",\"@id\":\"https:\/\/ving.com.mx\/#website\",\"url\":\"https:\/\/ving.com.mx\/\",\"name\":\"VING Innovaci\u00f3n\",\"description\":\"\",\"publisher\":{\"@id\":\"https:\/\/ving.com.mx\/#organization\"},\"potentialAction\":[{\"@type\":\"SearchAction\",\"target\":{\"@type\":\"EntryPoint\",\"urlTemplate\":\"https:\/\/ving.com.mx\/?s={search_term_string}\"},\"query-input\":\"required name=search_term_string\"}],\"inLanguage\":\"es-MX\"},{\"@type\":\"Organization\",\"@id\":\"https:\/\/ving.com.mx\/#organization\",\"name\":\"VING Innovaci\u00f3n\",\"url\":\"https:\/\/ving.com.mx\/\",\"logo\":{\"@type\":\"ImageObject\",\"inLanguage\":\"es-MX\",\"@id\":\"https:\/\/ving.com.mx\/#\/schema\/logo\/image\/\",\"url\":\"https:\/\/ving.com.mx\/wp-content\/uploads\/2023\/07\/cropped-VING-LOGO-BLANCO.jpg\",\"contentUrl\":\"https:\/\/ving.com.mx\/wp-content\/uploads\/2023\/07\/cropped-VING-LOGO-BLANCO.jpg\",\"width\":355,\"height\":185,\"caption\":\"VING Innovaci\u00f3n\"},\"image\":{\"@id\":\"https:\/\/ving.com.mx\/#\/schema\/logo\/image\/\"}}]}<\/script>\n<!-- \/ Yoast SEO plugin. -->","yoast_head_json":{"title":"Soluciones Innovadoras en Control Industrial y Tecnolog\u00eda - VING Innovaci\u00f3n","robots":{"index":"index","follow":"follow","max-snippet":"max-snippet:-1","max-image-preview":"max-image-preview:large","max-video-preview":"max-video-preview:-1"},"canonical":"https:\/\/ving.com.mx\/index.php\/soluciones-innovadoras-en-control-industrial-y-tecnologia\/","og_locale":"es_MX","og_type":"article","og_title":"Soluciones Innovadoras en Control Industrial y Tecnolog\u00eda - VING Innovaci\u00f3n","og_description":"Tu nombre Tu correo electr\u00f3nico Asunto Tu mensaje (opcional) \u00a1Descubre Soluciones Innovadoras en Control Industrial y Tecnolog\u00eda! Obt\u00e9n Acceso Exclusivo a Nuestros PDFs Especializados CAT\u00c1LOGO DE SOLUCIONES Descubre un amplio rango de soluciones en control industrial que hemos desarrollado a lo largo de nuestra trayectoria. Nuestro cat\u00e1logo detalla proyectos exitosos, abarcando desde el an\u00e1lisis y [&hellip;]","og_url":"https:\/\/ving.com.mx\/index.php\/soluciones-innovadoras-en-control-industrial-y-tecnologia\/","og_site_name":"VING Innovaci\u00f3n","article_modified_time":"2024-01-09T11:42:10+00:00","og_image":[{"url":"https:\/\/ving.com.mx\/wp-content\/uploads\/2024\/01\/Mockup-catalogo-soluciones-300x286.png"}],"twitter_card":"summary_large_image","twitter_misc":{"Tiempo de lectura":"2 minutos"},"schema":{"@context":"https:\/\/schema.org","@graph":[{"@type":"WebPage","@id":"https:\/\/ving.com.mx\/index.php\/soluciones-innovadoras-en-control-industrial-y-tecnologia\/","url":"https:\/\/ving.com.mx\/index.php\/soluciones-innovadoras-en-control-industrial-y-tecnologia\/","name":"Soluciones Innovadoras en Control Industrial y Tecnolog\u00eda - VING Innovaci\u00f3n","isPartOf":{"@id":"https:\/\/ving.com.mx\/#website"},"datePublished":"2024-01-09T10:43:36+00:00","dateModified":"2024-01-09T11:42:10+00:00","breadcrumb":{"@id":"https:\/\/ving.com.mx\/index.php\/soluciones-innovadoras-en-control-industrial-y-tecnologia\/#breadcrumb"},"inLanguage":"es-MX","potentialAction":[{"@type":"ReadAction","target":["https:\/\/ving.com.mx\/index.php\/soluciones-innovadoras-en-control-industrial-y-tecnologia\/"]}]},{"@type":"BreadcrumbList","@id":"https:\/\/ving.com.mx\/index.php\/soluciones-innovadoras-en-control-industrial-y-tecnologia\/#breadcrumb","itemListElement":[{"@type":"ListItem","position":1,"name":"Inicio","item":"https:\/\/ving.com.mx\/"},{"@type":"ListItem","position":2,"name":"Soluciones Innovadoras en Control Industrial y Tecnolog\u00eda"}]},{"@type":"WebSite","@id":"https:\/\/ving.com.mx\/#website","url":"https:\/\/ving.com.mx\/","name":"VING Innovaci\u00f3n","description":"","publisher":{"@id":"https:\/\/ving.com.mx\/#organization"},"potentialAction":[{"@type":"SearchAction","target":{"@type":"EntryPoint","urlTemplate":"https:\/\/ving.com.mx\/?s={search_term_string}"},"query-input":"required name=search_term_string"}],"inLanguage":"es-MX"},{"@type":"Organization","@id":"https:\/\/ving.com.mx\/#organization","name":"VING Innovaci\u00f3n","url":"https:\/\/ving.com.mx\/","logo":{"@type":"ImageObject","inLanguage":"es-MX","@id":"https:\/\/ving.com.mx\/#\/schema\/logo\/image\/","url":"https:\/\/ving.com.mx\/wp-content\/uploads\/2023\/07\/cropped-VING-LOGO-BLANCO.jpg","contentUrl":"https:\/\/ving.com.mx\/wp-content\/uploads\/2023\/07\/cropped-VING-LOGO-BLANCO.jpg","width":355,"height":185,"caption":"VING Innovaci\u00f3n"},"image":{"@id":"https:\/\/ving.com.mx\/#\/schema\/logo\/image\/"}}]}},"_links":{"self":[{"href":"https:\/\/ving.com.mx\/index.php\/wp-json\/wp\/v2\/pages\/571"}],"collection":[{"href":"https:\/\/ving.com.mx\/index.php\/wp-json\/wp\/v2\/pages"}],"about":[{"href":"https:\/\/ving.com.mx\/index.php\/wp-json\/wp\/v2\/types\/page"}],"author":[{"embeddable":true,"href":"https:\/\/ving.com.mx\/index.php\/wp-json\/wp\/v2\/users\/2"}],"replies":[{"embeddable":true,"href":"https:\/\/ving.com.mx\/index.php\/wp-json\/wp\/v2\/comments?post=571"}],"version-history":[{"count":22,"href":"https:\/\/ving.com.mx\/index.php\/wp-json\/wp\/v2\/pages\/571\/revisions"}],"predecessor-version":[{"id":622,"href":"https:\/\/ving.com.mx\/index.php\/wp-json\/wp\/v2\/pages\/571\/revisions\/622"}],"wp:attachment":[{"href":"https:\/\/ving.com.mx\/index.php\/wp-json\/wp\/v2\/media?parent=571"}],"curies":[{"name":"wp","href":"https:\/\/api.w.org\/{rel}","templated":true}]}}